tive of r**4/24 - 2*r**3/3 + 8*r**2. Determine h(b).
3
Suppose -5*k - 5 = 3*i, 69*k - 73*k = 4*i + 4. Let w(x) = -3*x + 1. Let h(m) = -4*m + 0*m + 3*m. Let f(v) = 4*h(v) - w(v). What is f(i)?
-1
Let n(v) = 8*v - 2*v**2 - 3*v**2 + 6*v**2 - 15*v + 12. Let z be n(9). Suppose -25*l - 30 = -z*l. Let x(g) = -g. Give x(l).
-6
Let l(p) = -2*p - 1 - 4*p**3 - 5*p**3 - 3*p**3 + 7*p**3 + 4*p**3 - 5*p**2. Calculate l(-3).
-13
Let v(b) be the second derivative of -11/6*b**3 + 16*b + 0*b**2 + 0. Give v(1).
-11
Let m(h) = -h**3 - 6*h**2 - 2*h - 4. Let g be m(-6). Let n = -522 + 525. Let v(z) = -7*z**2 - 10 - g*z - n*z**3 + 2*z**3 + 4. What is v(-6)?
6
Let w = 76 + -71. Suppose 9*d - 3*p = 5*d - 13, -17 = 3*d + w*p. Let r(v) be the first derivative of v**2/2 + 1. Give r(d).
-4
Let o(j) be the first derivative of j**5/60 - j**4/3 + j**3/3 - 19*j**2/2 - 19. Let g(i) be the second derivative of o(i). What is g(3)?
-13
Let g(b) = b**3 - b**2 - 1. Let o(s) = 5*s**3 - s**2 + s. Let v(h) = -4*g(h) + o(h). Suppose 8*t + 12 + 12 = 0. Calculate v(t).
1
Let s(x) be the third derivative of x**5/30 - 2*x**4/3 - 19*x**3/6 + 4*x**2 + 5. Calculate s(9).
-1
Let n(f) = -12 + 6*f + 20*f**2 - 8*f**2 - 10*f**2 - f + 4. Give n(-6).
34
Let v = 20 - 15. Let o be (v - 2) + -4 + -6. Let m(s) be the third derivative of -s**6/120 - 2*s**5/15 - 7*s**4/24 + s**3/2 - 2*s**2. Give m(o).
3
Let b(q) = q**3 - 2*q**2 - 2*q - 1. Let n(o) = 9*o**3 - o - 1. Let y be n(-1). Let c = y + 14. Let r be -5 - (2 - 0 - c). Determine b(r).
-13
Let m(r) be the third derivative of r**6/120 + 2*r**5/15 + r**4/4 + 7*r**3/6 + 2*r**2. Let w = -739 + 732. What is m(w)?
14
Let k(d) be the third derivative of -d**4/8 + 5*d**3/6 - d**2 - 152. Suppose q - 6 = x, 2*q - 4*q - x + 9 = 0. Calculate k(q).
-10
Let c(v) be the third derivative of v**4/8 + v**3/2 + 64*v**2. What is c(1)?
6
Let x(k) be the third derivative of -k**6/120 + 7*k**5/60 + k**4/12 + 604*k**2. Calculate x(7).
14
Let c = -1030 + 1038. Let q(b) = 3*b - 4. What is q(c)?
20
Let m(q) = -q + 15. Let x be m(14). Let c be (5 + -1 + 1)*x. Let y(d) = -d + 6. Calculate y(c).
1
Let w(h) = h**2 - 4*h - 2. Suppose -6*o + 0*o + 18 = 0. What is w(o)?
-5
Let v(k) = -4*k + 24. Suppose -85*p + 80*p = -35. What is v(p)?
-4
Let x(p) be the third derivative of 1/60*p**5 + 0*p + 1/24*p**4 + 2/3*p**3 + 3*p**2 + 0. What is x(-3)?
10
Let o(s) = 17*s**2 + 3*s. Let l be o(-2). Let c = l + -55. Let f(y) = -2*y**2 - 3*y**2 + y**2 + 3*y**2 + 5*y + 4. Give f(c).
-10
Let t(q) = -q. Let y(i) = -2*i + 44. Let k(m) = t(m) - y(m). What is k(0)?
-44
Let l = 0 + 2. Let p(n) = -n**3 - l*n**3 - 6 - 3*n + 5*n**2 - n**2 + 4*n**3. What is p(-4)?
6
Let l(f) = -5*f - 2. Let v(k) = -2*k - 2. Let a(g) = -l(g) + 3*v(g). Determine a(3).
-7
Let y(s) = s + 8. Let f be y(-6). Let i(n) = -n - 3 - f - 5. Suppose -5*d - 7*p = -3*p + 5, 4*d - 2*p + 30 = 0. Calculate i(d).
-5
Let h(x) = 4*x + 0*x - 3*x - 2 + x. What is h(-1)?
-4
Let d(r) = r**3 + 5. Let y be d(0). Let m(k) = -9*k**2 + 13*k + 4. Let i(g) = -2*g**2 + 3*g + 2. Let h(o) = -5*i(o) + m(o). Give h(y).
9
Let y(p) = -2 - 2 + 23*p - 20*p. Suppose 2*t = 4*i + 2, -i - 4 = 4*i - t. Let l be i/(-1) - (-11 + 9). Calculate y(l).
5
Let y(h) be the first derivative of -h**4 + h**3/3 - 6*h - 572. Give y(0).
-6
Let z(j) = -4*j + 3. Let f = -152 + 155. What is z(f)?
-9
Let o(a) be the third derivative of a**6/40 - a**5/30 - a**4/12 + a**3/3 - 31*a**2. Calculate o(2).
14
Let d(j) = -j**2 + 2*j + 12. Let k be 168/44 + (-2)/(-11). Let s be d(k). Let b(u) = 20 + 15 + 5*u - 42 - u**3 + s*u**2. Give b(5).
-7
Let z(y) be the second derivative of -y**5/20 + 2*y**4/3 + y**3/6 + 3*y**2 - 2*y + 7. Give z(8).
14
Let h be 2880/132 - 2/(-11). Suppose 0 = -h*i + 18*i - 24. Let x(s) = -s**2 - 8*s - 4. What is x(i)?
8
Let a be 3/9*0/1. Let i(q) = q**3 + a*q**2 - 4 + 0*q**2 - 4*q**2 + 5*q. Let y be (6/(-5))/(-4 + 90/25). Determine i(y).
2
Let a(p) = p**3 - 5*p**2 - 6*p + 4. Let f(c) = -2*c**2 - 9*c + 1. Let z be f(-3). Suppose -2*h - o + z = -h, -8 = 2*h - 5*o. What is a(h)?
4
Let r(x) = -x**3 + 12*x**2 + 7*x - 18. Let w be r(12). Suppose 70*v + 20 = w*v. Let d(a) = -a**3 - 7*a**2 - 4*a. Give d(v).
-30
Let v(l) = -l - 2. Let r(j) = 5*j + 16. Let d(q) = -r(q) - 6*v(q). Give d(4).
0
Let g(z) be the second derivative of -z**4/6 + 5*z**3/2 + 17*z**2/2 + 68*z. What is g(8)?
9
Let z be ((-170)/(-51))/(2/3). Suppose -b = -z*a - 26, -b + 6*b - 15 = 2*a. Let j(i) = i + 6. What is j(a)?
1
Let q(w) = -35*w + 7*w - 3393157 + 3393156. Determine q(1).
-29
Let d(a) = a**3 + a**2 + 2*a - 1. Suppose -5*x - 8 = u - 4*u, x + 5*u + 24 = 0. Let s = -18 + 28. Let w be 5*(x - (-36)/s). Calculate d(w).
-9
Suppose -5*t - 10 = -i, 6*i - 8*i = 2*t - 20. Let u(a) = 2*a - 15. Give u(i).
5
Let f(g) = -3*g - 36. Let b(w) = 4*w + 52. Let z(a) = -5*b(a) - 7*f(a). Give z(4).
-4
Let r be 4/(-6) - (-111)/(-9). Let t(f) = -44 - f + 2*f + 60. Let g be t(r). Let n(k) = -k**2 + k - 4. Determine n(g).
-10
Let p(d) = 2*d + 0 + 1 - 8*d + 5*d. Let t(z) be the first derivative of -z**2/2 + z - 2. Let v(q) = -3*p(q) + 4*t(q). Calculate v(-5).
6
Let k(m) = m**3 + 22*m**2 + 28*m + 159. Let j be k(-21). Let p(o) = -o**2 + 9*o - 4. Give p(j).
-40
Let x(s) be the first derivative of s**5/60 + s**3/3 - s**2 + 4. Let o(y) be the second derivative of x(y). Let g = -14 + 14. Give o(g).
2
Let v(x) be the third derivative of -x**5/15 + x**4/24 - x**2 - 222*x. What is v(-2)?
-18
Let s(f) = 4*f - 31. Let q(g) = -g**2 - 20*g - 12. Let j be q(-19). Let t be s(j). Let x(c) = c**3 + 3*c**2 + 2*c - 1. Calculate x(t).
-7
Let a(p) = 20*p + 139. Let q be a(-7). Let r(y) = 5*y**2 + 1. Let n(k) = 16*k**2 + 3. Let g(d) = 3*n(d) - 8*r(d). Calculate g(q).
9
Let c(h) be the second derivative of h**4/12 + 5*h**3/3 + 13*h**2 - 521*h. Calculate c(-8).
10
Let y(p) = -p**3 + p**2 + 2*p + 5. Let z be y(0). Suppose 7*g - 5*g = -u + 4, 0 = z*u + 3*g - 27. Let v(x) = x**3 - 5*x**2 - 8*x + 2. Calculate v(u).
-10
Let w(k) = 6*k + 31. Let v be w(-6). Let o(a) = -5*a + 5. Determine o(v).
30
Let s(l) = l**3 + l**2 - l + 22. Let g(k) = -k - 7. Let c be g(-7). Give s(c).
22
Let j = 5 + 2. Let a(p) = p**3 - 8*p**2 + 7*p - 1. Let w be a(j). Let t(z) = z**2 + 9*z + 3*z**2 - 10*z. What is t(w)?
5
Let q be (-2)/(-8) - (-196)/336. Let x(i) be the second derivative of -q*i**3 - 1/4*i**4 + 1/20*i**5 - 3/2*i**2 + 0 + 2*i. Determine x(4).
-7
Let h(z) = -7*z**2 + 9*z + 1. Let o(g) = -6*g + 2. Let v(j) = -h(j) - o(j). Determine v(2).
19
Let v(i) be the second derivative of i**6/180 + i**5/20 + i**4/6 - 13*i**3/3 + 39*i. Let w(m) be the second derivative of v(m). Give w(-4).
12
Let y(r) be the second derivative of -1/3*r**3 - 9*r - 1/3*r**4 - 1/20*r**5 - 2*r**2 + 0. Determine y(-4).
4
Let p(u) = -u**2 - 10*u + 44. Let q be p(-13). Let c(d) = -2 + q*d - 155*d**2 + 156*d**2 - 5. What is c(-6)?
-1
Let s(r) = r**2 + 12*r + 25. Let g(b) = b - 3. Let w(m) = -3*g(m) - s(m). Calculate w(-13).
10
Let m(r) = r - 7 - r - 2*r**3 + r**3 + 9*r**2 - 9*r + r. Give m(8).
-7
Let v(t) = -t**2 - t + 15. Let i = -86 - -86. Determine v(i).
15
Let s(q) be the second derivative of -5/24*q**4 + 0 + 1/120*q**5 + 0*q**2 + 4*q - 1/2*q**3. Let f(t) be the second derivative of s(t). What is f(4)?
-1
Let o(s) = -s**2 + 3*s + 40. Let m be o(8). Let a(h) be the second derivative of -h**5/20 - h**4/12 + h**3/6 + 4*h**2 - 2*h. Calculate a(m).
8
Let m(n) = 11*n - 5. Let i be m(2). Suppose 2*w = i + 15. Let h = w + -17. Let v(z) = -z - 2. Calculate v(h).
-1
Suppose 0*t + 2*t - 6 = -p, 0 = -3*p + 3*t - 9. Let d(r) = 2*r**2 - 2 + r - 8*r + p. What is d(5)?
13
Let a(c) be the third derivative of c**4/12 - c**3 - 2*c**2 + 185. Give a(8).
10
Suppose -3*u = -3*r - 24 + 9, 15 = 3*u + 4*r. Let y(i) = i**2 + 1. Let v(c) = -c**3 + 5*c + 1. Let f(m) = -v(m) - 4*y(m). What is f(u)?
-5
Let f(x) = 286*x**3 + 3*x**2 - 151*x**3 - 136*x**3 + 12. What is f(4)?
-4
Suppose v = 3*v + 26. Let t = 15 + v. Let m(x) = -12*x + 1 + 5*x + 5 - 8*x**t - x**3. What is m(-7)?
6
Let w = 6 - 6. Let q = w + 1. Let h be -5 + (q + -1)/(-1). Let y(u) = -u**3 - 5*u**2 - u + 4. Give y(h).
9
Suppose -2*d = -5*d - 6. Let b = d - 0. Let k(m) be the second derivative of -m**3/3 - 290*m. Determine k(b).
4
Let c(k) be the second derivative of -k**5/10 + k*